{"id":19,"date":"2022-11-21T10:11:32","date_gmt":"2022-11-21T10:11:32","guid":{"rendered":"https:\/\/www.martapardo.com\/?page_id=19"},"modified":"2025-03-14T18:07:58","modified_gmt":"2025-03-14T18:07:58","slug":"qui-suis-je","status":"publish","type":"page","link":"https:\/\/www.martapardo.com\/es\/qui-suis-je\/","title":{"rendered":"\u00bfQui\u00e9n soy?"},"content":{"rendered":"<p>[et_pb_section fb_built=\u00a0\u00bb1&Prime; fullwidth=\u00a0\u00bbon\u00a0\u00bb admin_label=\u00a0\u00bbSection\u00a0\u00bb _builder_version=\u00a0\u00bb4.24.1&Prime; _module_preset=\u00a0\u00bbdefault\u00a0\u00bb bottom_divider_style=\u00a0\u00bbcurve\u00a0\u00bb bottom_divider_color=\u00a0\u00bbgcid-6079e7b0-c6de-4642-992d-5a11afa900a0&Prime; global_colors_info=\u00a0\u00bb{%22gcid-6079e7b0-c6de-4642-992d-5a11afa900a0%22:%91%22bottom_divider_color%22%93}\u00a0\u00bb][et_pb_fullwidth_image src=\u00a0\u00bbhttps:\/\/www.martapardo.com\/wp-content\/uploads\/2022\/11\/Sans-titre-3-1.jpg\u00a0\u00bb title_text=\u00a0\u00bbSans-titre-3&Prime; _builder_version=\u00a0\u00bb4.19.1&Prime; _module_preset=\u00a0\u00bbdefault\u00a0\u00bb global_colors_info=\u00a0\u00bb{}\u00a0\u00bb][\/et_pb_fullwidth_image][\/et_pb_section][et_pb_section fb_built=\u00a0\u00bb1&Prime; admin_label=\u00a0\u00bbSection\u00a0\u00bb _builder_version=\u00a0\u00bb4.19.1&Prime; _module_preset=\u00a0\u00bbdefault\u00a0\u00bb background_color=\u00a0\u00bbgcid-6079e7b0-c6de-4642-992d-5a11afa900a0&Prime; collapsed=\u00a0\u00bboff\u00a0\u00bb global_colors_info=\u00a0\u00bb{%22gcid-6079e7b0-c6de-4642-992d-5a11afa900a0%22:%91%22background_color%22%93}\u00a0\u00bb][et_pb_row _builder_version=\u00a0\u00bb4.19.1&Prime; _module_preset=\u00a0\u00bbdefault\u00a0\u00bb global_colors_info=\u00a0\u00bb{}\u00a0\u00bb][et_pb_column type=\u00a0\u00bb4_4&Prime; _builder_version=\u00a0\u00bb4.19.1&Prime; _module_preset=\u00a0\u00bbdefault\u00a0\u00bb global_colors_info=\u00a0\u00bb{}\u00a0\u00bb][et_pb_image src=\u00a0\u00bbhttps:\/\/www.martapardo.com\/wp-content\/uploads\/2022\/11\/Groupe-21.png\u00a0\u00bb title_text=\u00a0\u00bbGroupe 21&Prime; admin_label=\u00a0\u00bbImage\u00a0\u00bb _builder_version=\u00a0\u00bb4.19.1&Prime; _module_preset=\u00a0\u00bbdefault\u00a0\u00bb global_colors_info=\u00a0\u00bb{}\u00a0\u00bb][\/et_pb_image][et_pb_text admin_label=\u00a0\u00bbTexte\u00a0\u00bb _builder_version=\u00a0\u00bb4.27.4&Prime; _module_preset=\u00a0\u00bbdefault\u00a0\u00bb text_font=\u00a0\u00bbOutfit|300|||||||\u00a0\u00bb text_text_color=\u00a0\u00bb#FFFFFF\u00a0\u00bb text_font_size=\u00a0\u00bb24px\u00a0\u00bb text_line_height=\u00a0\u00bb1.6em\u00a0\u00bb global_colors_info=\u00a0\u00bb{}\u00a0\u00bb]<\/p>\n<p><strong>Ma mission ?<\/strong> Rendre la motivation autonome pour faire de la transmission du savoir-faire et du savoir-\u00eatre une pratique formidable alliant leadership et exp\u00e9rience client vers l&rsquo;excellence.<\/p>\n<p>[\/et_pb_text][et_pb_text _builder_version=\u00a0\u00bb4.27.4&Prime; _module_preset=\u00a0\u00bbdefault\u00a0\u00bb text_font=\u00a0\u00bbOutfit|300|||||||\u00a0\u00bb text_text_color=\u00a0\u00bb#FFFFFF\u00a0\u00bb text_font_size=\u00a0\u00bb16px\u00a0\u00bb global_colors_info=\u00a0\u00bb{}\u00a0\u00bb]<\/p>\n<p>Depuis qu\u2019elle a pris la <strong>t\u00eate de l\u2019entreprise familiale<\/strong> \u00e0 l\u2019\u00e2ge de <strong>16 ans<\/strong>, Marta a \u00e9t\u00e9 une pionni\u00e8re dans son domaine. <strong>A 21 ans<\/strong>, elle avait d\u00e9j\u00e0 termin\u00e9 son <strong>\u00e9cole de commerce<\/strong> sp\u00e9cialis\u00e9e dans l\u2019H\u00f4tellerie et le Tourisme \u00e0 Mexico. <strong>A 31 ans<\/strong>, elle finalise un <strong>DESS en Ing\u00e9nierie des Ressources Humaines et Psychologie<\/strong> \u00e0 Nice Sophia Antipolis.<\/p>\n<p>Experte de l&rsquo;<strong>exp\u00e9rience client<\/strong>, de la <strong>motivation <\/strong>et du <strong>management avec audace<\/strong>, Marta poss\u00e8de plus de 30 ann\u00e9es d&rsquo;exp\u00e9rience dans ses activit\u00e9s.<\/p>\n<p>De la gestion h\u00f4teli\u00e8re en France et \u00e0 l&rsquo;\u00e9tranger en passant par des entreprises comme Walt Disney Company, Marriott international, Accor Hotels, elle a construit une carri\u00e8re internationale.<\/p>\n<p>R\u00e9compens\u00e9e pour son travail avec la m\u00e9daille <strong>\u00ab Leadership en Action Positive \u00bb<\/strong> au Mexique, elle a aussi re\u00e7u le <strong>Troph\u00e9e d\u00e9cern\u00e9 par la Ville de Lyon<\/strong> pour la <strong>meilleure r\u00e9novation et valorisation du Patrimoine<\/strong> pour l\u2019h\u00f4tel <strong>Ch\u00e2teau Perrache<\/strong> class\u00e9 aux Monuments Historiques.<\/p>\n<p>Elue de 2015 \u00e0 2021 \u00e0 la <strong>Chambre de Commerce de Lyon M\u00e9tropole Saint-Etienne Roanne<\/strong>, Marta a \u00e9galement \u00e9t\u00e9 membre du <strong>comit\u00e9 de surveillance de l&rsquo;a\u00e9roport de Lyon<\/strong> et administratrice des <strong>Entreprises au Num\u00e9rique<\/strong>.<\/p>\n<p><strong>Co-Pr\u00e9sidente<\/strong> du <strong>P\u00f4le Femmes Cheffes d&rsquo;entreprise du Rh\u00f4ne <\/strong>pour la CPME pendant 5 ans.<\/p>\n<p>Elle est actuellement Pr\u00e9sidente de l&rsquo;<strong>Association Espagnole des Conf\u00e9renciers Professionnels<\/strong>, en tant que <strong>Conf\u00e9renci\u00e8re Internationale<\/strong> et <strong>Ma\u00eetresse de c\u00e9r\u00e9monie<\/strong> en Fran\u00e7ais, Anglais et Espagnol.<\/p>\n<p>R\u00e9cemment r\u00e9compens\u00e9e comme <strong>Meilleure Oratrice en Direct 2024<\/strong> \u00e0 Londres et class\u00e9e <strong>11\u00e8me TOP GLOBAL Guru Mangement Monde 2024<\/strong> en Indon\u00e9sie.<\/p>\n<p><strong>A 52 ans<\/strong>, avec passion et d\u00e9termination franchit une nouvelle \u00e9tape en se certifiant <strong>Coach Internationale<\/strong> avec le programme <strong>ICC en Espagne<\/strong>.<\/p>\n<p>Auteur du livre <strong>\u00ab\u00a0En route vers la motivation\u00a0\u00bb,<\/strong> Marta pr\u00e9sente la m\u00e9thode \u00ab\u00a0P-ROAD\u00a0\u00bb, une strat\u00e9gie innovante qui permet aux leaders de motiver leurs \u00e9quipes, de renforcer le sentiment d\u2019appartenance et de favoriser la confiance face au changement. Avec son approche unique, inspir\u00e9e par la pr\u00e9cision et strat\u00e9gie d\u2019un pilote de course, Marta cherche \u00e0 transformer le leadership, guidant les \u00e9quipes gr\u00e2ce \u00e0 sa m\u00e9thode \u00ab\u00a0P-ROAD\u00a0\u00bb pour relever les d\u00e9fis et atteindre le succ\u00e8s\u00a0?<\/p>\n<p>[\/et_pb_text][\/et_pb_column][\/et_pb_row][\/et_pb_section][et_pb_section fb_built=\u00a0\u00bb1&Prime; _builder_version=\u00a0\u00bb4.19.1&Prime; _module_preset=\u00a0\u00bbdefault\u00a0\u00bb custom_padding=\u00a0\u00bb0px|||||\u00a0\u00bb global_colors_info=\u00a0\u00bb{}\u00a0\u00bb][et_pb_row _builder_version=\u00a0\u00bb4.19.1&Prime; _module_preset=\u00a0\u00bbdefault\u00a0\u00bb custom_padding=\u00a0\u00bb0px|||||\u00a0\u00bb global_colors_info=\u00a0\u00bb{}\u00a0\u00bb][et_pb_column type=\u00a0\u00bb4_4&Prime; _builder_version=\u00a0\u00bb4.19.1&Prime; _module_preset=\u00a0\u00bbdefault\u00a0\u00bb global_colors_info=\u00a0\u00bb{}\u00a0\u00bb][et_pb_image src=\u00a0\u00bbhttps:\/\/www.martapardo.com\/wp-content\/uploads\/2025\/03\/francais-1.png\u00a0\u00bb title_text=\u00a0\u00bbfran\u00e7ais (1)\u00a0\u00bb _builder_version=\u00a0\u00bb4.27.4&Prime; _module_preset=\u00a0\u00bbdefault\u00a0\u00bb width=\u00a0\u00bb100%\u00a0\u00bb max_width=\u00a0\u00bb100%\u00a0\u00bb custom_padding=\u00a0\u00bb|50px||50px|false|true\u00a0\u00bb hover_enabled=\u00a0\u00bb0&Prime; global_colors_info=\u00a0\u00bb{}\u00a0\u00bb sticky_enabled=\u00a0\u00bb0&Prime;][\/et_pb_image][\/et_pb_column][\/et_pb_row][\/et_pb_section][et_pb_section fb_built=\u00a0\u00bb1&Prime; _builder_version=\u00a0\u00bb4.19.1&Prime; _module_preset=\u00a0\u00bbdefault\u00a0\u00bb global_colors_info=\u00a0\u00bb{}\u00a0\u00bb][et_pb_row _builder_version=\u00a0\u00bb4.19.1&Prime; _module_preset=\u00a0\u00bbdefault\u00a0\u00bb global_colors_info=\u00a0\u00bb{}\u00a0\u00bb][et_pb_column type=\u00a0\u00bb4_4&Prime; _builder_version=\u00a0\u00bb4.19.1&Prime; _module_preset=\u00a0\u00bbdefault\u00a0\u00bb global_colors_info=\u00a0\u00bb{}\u00a0\u00bb][et_pb_text _builder_version=\u00a0\u00bb4.24.1&Prime; _module_preset=\u00a0\u00bbdefault\u00a0\u00bb text_font=\u00a0\u00bbOutfit|||on|||||\u00a0\u00bb text_text_color=\u00a0\u00bb#000000&Prime; text_font_size=\u00a0\u00bb30px\u00a0\u00bb custom_margin=\u00a0\u00bb||1rem||false|false\u00a0\u00bb global_colors_info=\u00a0\u00bb{}\u00a0\u00bb]<\/p>\n<p>Marta est membre du conseil d&rsquo;administration :<\/p>\n<p>[\/et_pb_text][et_pb_divider color=\u00a0\u00bbgcid-6079e7b0-c6de-4642-992d-5a11afa900a0&Prime; divider_weight=\u00a0\u00bb6px\u00a0\u00bb _builder_version=\u00a0\u00bb4.19.1&Prime; _module_preset=\u00a0\u00bbdefault\u00a0\u00bb width=\u00a0\u00bb4%\u00a0\u00bb global_colors_info=\u00a0\u00bb{%22gcid-6079e7b0-c6de-4642-992d-5a11afa900a0%22:%91%22color%22%93}\u00a0\u00bb][\/et_pb_divider][\/et_pb_column][\/et_pb_row][et_pb_row column_structure=\u00a0\u00bb1_2,1_2&Prime; make_equal=\u00a0\u00bbon\u00a0\u00bb _builder_version=\u00a0\u00bb4.19.1&Prime; _module_preset=\u00a0\u00bbdefault\u00a0\u00bb global_colors_info=\u00a0\u00bb{}\u00a0\u00bb][et_pb_column type=\u00a0\u00bb1_2&Prime; _builder_version=\u00a0\u00bb4.19.1&Prime; _module_preset=\u00a0\u00bbdefault\u00a0\u00bb custom_css_main_element=\u00a0\u00bbdisplay:flex;||flex-direction:column;||justify-content:center;\u00a0\u00bb global_colors_info=\u00a0\u00bb{}\u00a0\u00bb][et_pb_image src=\u00a0\u00bbhttps:\/\/www.martapardo.com\/wp-content\/uploads\/2022\/11\/LOGO_AFCP_HD.webp\u00a0\u00bb title_text=\u00a0\u00bbLOGO_AFCP_HD\u00a0\u00bb align=\u00a0\u00bbcenter\u00a0\u00bb _builder_version=\u00a0\u00bb4.19.1&Prime; _module_preset=\u00a0\u00bbdefault\u00a0\u00bb max_width=\u00a0\u00bb70%\u00a0\u00bb global_colors_info=\u00a0\u00bb{}\u00a0\u00bb][\/et_pb_image][\/et_pb_column][et_pb_column type=\u00a0\u00bb1_2&Prime; _builder_version=\u00a0\u00bb4.19.1&Prime; _module_preset=\u00a0\u00bbdefault\u00a0\u00bb custom_css_main_element=\u00a0\u00bbdisplay:flex;||flex-direction:column;||justify-content:center;\u00a0\u00bb global_colors_info=\u00a0\u00bb{}\u00a0\u00bb][et_pb_image src=\u00a0\u00bbhttps:\/\/www.martapardo.com\/wp-content\/uploads\/2023\/03\/PSA-Logo-square-scaled.jpg\u00a0\u00bb title_text=\u00a0\u00bbPSA Logo square\u00a0\u00bb align=\u00a0\u00bbcenter\u00a0\u00bb _builder_version=\u00a0\u00bb4.20.2&Prime; _module_preset=\u00a0\u00bbdefault\u00a0\u00bb max_width=\u00a0\u00bb70%\u00a0\u00bb global_colors_info=\u00a0\u00bb{}\u00a0\u00bb][\/et_pb_image][\/et_pb_column][\/et_pb_row][\/et_pb_section]<\/p>\n","protected":false},"excerpt":{"rendered":"<p>Ma mission ? Rendre la motivation autonome pour faire de la transmission du savoir-faire et du savoir-\u00eatre une pratique formidable alliant leadership et exp\u00e9rience client vers l&rsquo;excellence.Depuis qu\u2019elle a pris la t\u00eate de l\u2019entreprise familiale \u00e0 l\u2019\u00e2ge de 16 ans, Marta a \u00e9t\u00e9 une pionni\u00e8re dans son domaine. A 21 ans, elle avait d\u00e9j\u00e0 termin\u00e9 [&hellip;]<\/p>\n","protected":false},"author":1,"featured_media":0,"parent":0,"menu_order":0,"comment_status":"closed","ping_status":"closed","template":"","meta":{"_et_pb_use_builder":"on","_et_pb_old_content":"","_et_gb_content_width":"","footnotes":""},"class_list":["post-19","page","type-page","status-publish","hentry"],"_links":{"self":[{"href":"https:\/\/www.martapardo.com\/es\/wp-json\/wp\/v2\/pages\/19","targetHints":{"allow":["GET"]}}],"collection":[{"href":"https:\/\/www.martapardo.com\/es\/wp-json\/wp\/v2\/pages"}],"about":[{"href":"https:\/\/www.martapardo.com\/es\/wp-json\/wp\/v2\/types\/page"}],"author":[{"embeddable":true,"href":"https:\/\/www.martapardo.com\/es\/wp-json\/wp\/v2\/users\/1"}],"replies":[{"embeddable":true,"href":"https:\/\/www.martapardo.com\/es\/wp-json\/wp\/v2\/comments?post=19"}],"version-history":[{"count":51,"href":"https:\/\/www.martapardo.com\/es\/wp-json\/wp\/v2\/pages\/19\/revisions"}],"predecessor-version":[{"id":2420,"href":"https:\/\/www.martapardo.com\/es\/wp-json\/wp\/v2\/pages\/19\/revisions\/2420"}],"wp:attachment":[{"href":"https:\/\/www.martapardo.com\/es\/wp-json\/wp\/v2\/media?parent=19"}],"curies":[{"name":"wp","href":"https:\/\/api.w.org\/{rel}","templated":true}]}}

¿Quién soy?

<p>[et_pb_section fb_built= »1&Prime; fullwidth= »on » admin_label= »Section » _builder_version= »4.24.1&Prime; _module_preset= »default » bottom_divider_style= »curve » bottom_divider_color= »gcid-6079e7b0-c6de-4642-992d-5a11afa900a0&Prime; global_colors_info= »{%22gcid-6079e7b0-c6de-4642-992d-5a11afa900a0%22:%91%22bottom_divider_color%22%93} »][et_pb_fullwidth_image src= »https://www.martapardo.com/wp-content/uploads/2022/11/Sans-titre-3-1.jpg » title_text= »Sans-titre-3&Prime; _builder_version= »4.19.1&Prime; _module_preset= »default » global_colors_info= »{} »][/et_pb_fullwidth_image][/et_pb_section][et_pb_section fb_built= »1&Prime; admin_label= »Section » _builder_version= »4.19.1&Prime; _module_preset= »default » background_color= »gcid-6079e7b0-c6de-4642-992d-5a11afa900a0&Prime; collapsed= »off » global_colors_info= »{%22gcid-6079e7b0-c6de-4642-992d-5a11afa900a0%22:%91%22background_color%22%93} »][et_pb_row _builder_version= »4.19.1&Prime; _module_preset= »default » global_colors_info= »{} »][et_pb_column type= »4_4&Prime; _builder_version= »4.19.1&Prime; _module_preset= »default » global_colors_info= »{} »][et_pb_image src= »https://www.martapardo.com/wp-content/uploads/2022/11/Groupe-21.png » title_text= »Groupe 21&Prime; admin_label= »Image » _builder_version= »4.19.1&Prime; _module_preset= »default » global_colors_info= »{} »][/et_pb_image][et_pb_text admin_label= »Texte » _builder_version= »4.27.4&Prime; _module_preset= »default » text_font= »Outfit|300||||||| » text_text_color= »#FFFFFF » text_font_size= »24px » text_line_height= »1.6em » global_colors_info= »{} »]</p>
<p><strong>Ma mission ?</strong> Rendre la motivation autonome pour faire de la transmission du savoir-faire et du savoir-être une pratique formidable alliant leadership et expérience client vers l&rsquo;excellence.</p>
<p>[/et_pb_text][et_pb_text _builder_version= »4.27.4&Prime; _module_preset= »default » text_font= »Outfit|300||||||| » text_text_color= »#FFFFFF » text_font_size= »16px » global_colors_info= »{} »]</p>
<p>Depuis qu’elle a pris la <strong>tête de l’entreprise familiale</strong> à l’âge de <strong>16 ans</strong>, Marta a été une pionnière dans son domaine. <strong>A 21 ans</strong>, elle avait déjà terminé son <strong>école de commerce</strong> spécialisée dans l’Hôtellerie et le Tourisme à Mexico. <strong>A 31 ans</strong>, elle finalise un <strong>DESS en Ingénierie des Ressources Humaines et Psychologie</strong> à Nice Sophia Antipolis.</p>
<p>Experte de l&rsquo;<strong>expérience client</strong>, de la <strong>motivation </strong>et du <strong>management avec audace</strong>, Marta possède plus de 30 années d&rsquo;expérience dans ses activités.</p>
<p>De la gestion hôtelière en France et à l&rsquo;étranger en passant par des entreprises comme Walt Disney Company, Marriott international, Accor Hotels, elle a construit une carrière internationale.</p>
<p>Récompensée pour son travail avec la médaille <strong>« Leadership en Action Positive »</strong> au Mexique, elle a aussi reçu le <strong>Trophée décerné par la Ville de Lyon</strong> pour la <strong>meilleure rénovation et valorisation du Patrimoine</strong> pour l’hôtel <strong>Château Perrache</strong> classé aux Monuments Historiques.</p>
<p>Elue de 2015 à 2021 à la <strong>Chambre de Commerce de Lyon Métropole Saint-Etienne Roanne</strong>, Marta a également été membre du <strong>comité de surveillance de l&rsquo;aéroport de Lyon</strong> et administratrice des <strong>Entreprises au Numérique</strong>.</p>
<p><strong>Co-Présidente</strong> du <strong>Pôle Femmes Cheffes d&rsquo;entreprise du Rhône </strong>pour la CPME pendant 5 ans.</p>
<p>Elle est actuellement Présidente de l&rsquo;<strong>Association Espagnole des Conférenciers Professionnels</strong>, en tant que <strong>Conférencière Internationale</strong> et <strong>Maîtresse de cérémonie</strong> en Français, Anglais et Espagnol.</p>
<p>Récemment récompensée comme <strong>Meilleure Oratrice en Direct 2024</strong> à Londres et classée <strong>11ème TOP GLOBAL Guru Mangement Monde 2024</strong> en Indonésie.</p>
<p><strong>A 52 ans</strong>, avec passion et détermination franchit une nouvelle étape en se certifiant <strong>Coach Internationale</strong> avec le programme <strong>ICC en Espagne</strong>.</p>
<p>Auteur du livre <strong>« En route vers la motivation »,</strong> Marta présente la méthode « P-ROAD », une stratégie innovante qui permet aux leaders de motiver leurs équipes, de renforcer le sentiment d’appartenance et de favoriser la confiance face au changement. Avec son approche unique, inspirée par la précision et stratégie d’un pilote de course, Marta cherche à transformer le leadership, guidant les équipes grâce à sa méthode « P-ROAD » pour relever les défis et atteindre le succès ?</p>
<p>[/et_pb_text][/et_pb_column][/et_pb_row][/et_pb_section][et_pb_section fb_built= »1&Prime; _builder_version= »4.19.1&Prime; _module_preset= »default » custom_padding= »0px||||| » global_colors_info= »{} »][et_pb_row _builder_version= »4.19.1&Prime; _module_preset= »default » custom_padding= »0px||||| » global_colors_info= »{} »][et_pb_column type= »4_4&Prime; _builder_version= »4.19.1&Prime; _module_preset= »default » global_colors_info= »{} »][et_pb_image src= »https://www.martapardo.com/wp-content/uploads/2025/03/francais-1.png » title_text= »français (1) » _builder_version= »4.27.4&Prime; _module_preset= »default » width= »100% » max_width= »100% » custom_padding= »|50px||50px|false|true » hover_enabled= »0&Prime; global_colors_info= »{} » sticky_enabled= »0&Prime;][/et_pb_image][/et_pb_column][/et_pb_row][/et_pb_section][et_pb_section fb_built= »1&Prime; _builder_version= »4.19.1&Prime; _module_preset= »default » global_colors_info= »{} »][et_pb_row _builder_version= »4.19.1&Prime; _module_preset= »default » global_colors_info= »{} »][et_pb_column type= »4_4&Prime; _builder_version= »4.19.1&Prime; _module_preset= »default » global_colors_info= »{} »][et_pb_text _builder_version= »4.24.1&Prime; _module_preset= »default » text_font= »Outfit|||on||||| » text_text_color= »#000000&Prime; text_font_size= »30px » custom_margin= »||1rem||false|false » global_colors_info= »{} »]</p>
<p>Marta est membre du conseil d&rsquo;administration :</p>
<p>[/et_pb_text][et_pb_divider color= »gcid-6079e7b0-c6de-4642-992d-5a11afa900a0&Prime; divider_weight= »6px » _builder_version= »4.19.1&Prime; _module_preset= »default » width= »4% » global_colors_info= »{%22gcid-6079e7b0-c6de-4642-992d-5a11afa900a0%22:%91%22color%22%93} »][/et_pb_divider][/et_pb_column][/et_pb_row][et_pb_row column_structure= »1_2,1_2&Prime; make_equal= »on » _builder_version= »4.19.1&Prime; _module_preset= »default » global_colors_info= »{} »][et_pb_column type= »1_2&Prime; _builder_version= »4.19.1&Prime; _module_preset= »default » custom_css_main_element= »display:flex;||flex-direction:column;||justify-content:center; » global_colors_info= »{} »][et_pb_image src= »https://www.martapardo.com/wp-content/uploads/2022/11/LOGO_AFCP_HD.webp » title_text= »LOGO_AFCP_HD » align= »center » _builder_version= »4.19.1&Prime; _module_preset= »default » max_width= »70% » global_colors_info= »{} »][/et_pb_image][/et_pb_column][et_pb_column type= »1_2&Prime; _builder_version= »4.19.1&Prime; _module_preset= »default » custom_css_main_element= »display:flex;||flex-direction:column;||justify-content:center; » global_colors_info= »{} »][et_pb_image src= »https://www.martapardo.com/wp-content/uploads/2023/03/PSA-Logo-square-scaled.jpg » title_text= »PSA Logo square » align= »center » _builder_version= »4.20.2&Prime; _module_preset= »default » max_width= »70% » global_colors_info= »{} »][/et_pb_image][/et_pb_column][/et_pb_row][/et_pb_section]</p>

<p>Ma mission ? Rendre la motivation autonome pour faire de la transmission du savoir-faire et du savoir-être une pratique formidable alliant leadership et expérience client vers l&rsquo;excellence.Depuis qu’elle a pris la tête de l’entreprise familiale à l’âge de 16 ans, Marta a été une pionnière dans son domaine. A 21 ans, elle avait déjà terminé [&hellip;]</p>
